r be 30/4*(-4)/5. Let f = r - h. List the prime factors of f.
2, 3
Suppose 2*o - 11 = 5*k, -3*o = 5*k - 4 - 0. Let c(r) = 7*r + 3. List the prime factors of c(o).
2, 3
Suppose 10 = -0*o + 2*o. List the prime factors of o.
5
Let p be 114/(-7) - 4/(-14). Suppose -2*z - 3*j - 54 = 0, -9 = -4*z + j - 131. Let o = p - z. List the prime factors of o.
2, 7
Let r(l) = -l**3 + l - 1. Let q be r(-2). Let m = -3 + q. Suppose 3*t - 2*s - 17 = 0, 7*t - 22 = m*t - 3*s. What are the prime factors of t?
5
Suppose 2*r - 2*z - 525 = -3*r, -5*r + 540 = z. List the prime factors of r.
107
Let h be (-1573)/(-9) + 18/81. Suppose 6*y + 13 = h. List the prime factors of y.
3
Let c(j) = j**3 + 5*j**2 + 3*j - 3. Let t be c(-3). Suppose 5*i - 95 = -5*l, -t*i + 2*i = 3*l - 53. What are the prime factors of l?
23
Let x(w) = 73*w + 5. List the prime factors of x(1).
2, 3, 13
Let b(i) = -i**3 - i + 6. Suppose 0 = 2*t + 2*t. What are the prime factors of b(t)?
2, 3
Suppose 3*n - 67 = -r - r, 0 = 3*r + 3*n - 96. What are the prime factors of r?
29
Suppose -b = 2*v - 6*b + 45, 2*v + b = -15. What are the prime factors of v/(-4) + (-4)/(-8)?
3
Let j be (2 - 3)/(2/(-18)). Let a be (-264)/(-27) - (-2)/j. What are the prime factors of 15/a - 78/(-4)?
3, 7
Suppose 0 = 4*d - 0*d - 168. What are the prime factors of d?
2, 3, 7
Suppose 0 = -3*a - 0 - 6. List the prime factors of a - 51/(-5 - -2).
3, 5
Suppose 15*a + 2 = 17*a. Suppose -3*n - u + 2*u + 16 = 0, -n + 8 = -u. Let c = n - a. What are the prime factors of c?
3
List the prime factors of ((-1628)/(-8))/(-11)*-2.
37
Let j = -19 - -13. List the prime factors of 4/j - (-250)/15.
2
Let r(s) = -2*s**3 - 9*s**2 + 9*s - 3. List the prime factors of r(-7).
179
Let r = 6 + 15. Let t = -15 + r. Suppose -4*a + t + 6 = 0. What are the prime factors of a?
3
Let k = -19 - -57. Suppose 0*n = -n + k. What are the prime factors of n?
2, 19
Let a = 22 - -27. Suppose -a = -3*j - 4*y - 0*y, 16 = 4*y. List the prime factors of j.
11
What are the prime factors of (6/(-8))/((-20)/4240)?
3, 53
Let l(j) = -2 - 2*j - 7 - 3*j + 2*j. What are the prime factors of l(-7)?
2, 3
Let x(q) = -q - 7. Let h be x(-11). Suppose 0*o = -5*o. Suppose o = h*t - t - 24. List the prime factors of t.
2
Suppose 3*s + 4*s - 1582 = 0. What are the prime factors of s?
2, 113
Let n(w) = 11*w**3 - w**2. Let x(b) = b - 4. Let m be x(5). Let h be (-2)/m - (-3 - 0). What are the prime factors of n(h)?
2, 5
Let w = -5 + 4. What are the prime factors of (3 + w - 13)/(-1)?
11
Let h(o) = 3*o**2 - 15*o + 30. What are the prime factors of h(13)?
2, 3, 19
Let j(d) = d**2 - 3*d - 3. Let b be j(-3). Suppose -u + 4*r = -r + b, -u = 2*r - 20. List the prime factors of u.
2, 5
Suppose -2*u + 2 = z - 3, 25 = 3*u - 2*z. Suppose 5*j + u*k - 55 = 0, -1 = -k - 3. List the prime factors of j.
13
Suppose -5*x - 5*a + 20 = 0, -1 = -x - 8*a + 4*a. Let u = x + -4. Suppose 44 = 4*p - 4*t, 2*t = p - 12 - u. List the prime factors of p.
3
Suppose c = -2*f + 3*f - 6, -3*f + c + 20 = 0. What are the prime factors of f?
7
Let v(i) = i**3 - 10*i**2 - 11*i + 7. Let t be v(11). Let u(n) = -t + n + 8 + 7. List the prime factors of u(0).
2
Suppose -1407 = -6*y + 219. List the prime factors of y.
271
Suppose -4*w - 117 = 31. Let v = w - -71. What are the prime factors of v?
2, 17
Let d be (-1 + 0)/((-2)/(-50)). What are the prime factors of 76/5 - (-5)/d?
3, 5
Let f be 15*(2 - (-12)/(-10)). Suppose -r = 5*o - 27, 0*r - 4*r + 4*o = -f. List the prime factors of r.
7
Let k = 2 - -3. Suppose -4*s + 3*m = -k*s + 4, 4*s - 7 = -3*m. What are the prime factors of (1 + s - 0) + 1?
3
Let n(m) = -m**2 - 6*m - 5. Let t(w) = -w**2 + 11*w + 2. Let b be t(11). Suppose -12 = 3*i + b*r, -3*i - r - 20 = 2*i. List the prime factors of n(i).
3
Suppose -6*c - 6*c = -96. What are the prime factors of c?
2
Suppose 4*y = 54 + 130. What are the prime factors of y?
2, 23
Let o = -9 + 13. Suppose 0 = -j + o. Suppose j*i + 3 = 5*i. What are the prime factors of i?
3
Let r = 101 + -21. Suppose 5*s - s = r. Suppose -l + 3*m = 1, 2*m = -l - 2*m + s. List the prime factors of l.
2
Let g = 203 - 143. What are the prime factors of g?
2, 3, 5
Let o = -77 + 182. Suppose 5*s + 15 = o. List the prime factors of s.
2, 3
Let l(x) = -x**2 + 10*x - 9. Let t(n) = 2*n**2 - 2*n + 2. Let a be t(2). Let j be l(a). Let d = -7 + j. List the prime factors of d.
2
Suppose 0 = -65*i + 70*i - 805. What are the prime factors of i?
7, 23
What are the prime factors of ((-24)/60)/(2/(-90))?
2, 3
Let r(f) = 2*f. Let v = -5 - 4. Let c be (2 + 21/v)*-6. List the prime factors of r(c).
2
Let i(g) = -5*g + 6. Let y be i(-6). Suppose 5*j - 28 = -3*l, j = -j + 5*l + y. Let n = 12 - j. What are the prime factors of n?
2
Let c = -62 - -132. List the prime factors of c.
2, 5, 7
Let a = -10 - -19. Suppose -c = 1 - a. List the prime factors of c.
2
Suppose 2 = -i + 4. Suppose 0 = i*f + 2*f - 52. What are the prime factors of f?
13
Suppose 2*p - 10 = 20. Suppose p*x - 120 = 11*x. List the prime factors of x.
2, 3, 5
Let r = -1 + 2. Let x = 14 - r. Let q = 20 - x. List the prime factors of q.
7
Let b = 2 + -1. Let c(k) = 10*k**2 - 2*k + 1. Let j be c(1). Let y = b + j. List the prime factors of y.
2, 5
Suppose -5*q - 1 + 11 = 0. Suppose 2*b + q = 12. Suppose -8*d + b*d = -36. What are the prime factors of d?
2, 3
Suppose 0 - 2 = -z. Let o(u) = 4 - 5*u + 4*u + 4*u**z - 2 + u**3. List the prime factors of o(-4).
2, 3
Let j(g) = -g**2 + 6*g + 4. Let n be j(6). Suppose 0 = -n*d + 2*d - 34. Let z = -9 - d. What are the prime factors of z?
2
Let c = 48 - 22. What are the prime factors of c?
2, 13
Let z(y) = -y - 8. Suppose 5*g + 93 - 18 = 0. Let i be 3 - 2/((-2)/g). What are the prime factors of z(i)?
2
Let r = 222 - 156. What are the prime factors of r?
2, 3, 11
Suppose 5*b + 50 = -5*v, -4*v + 5*b - b = 72. Let d = -2 - v. List the prime factors of d.
2, 3
Let i be -5 + 10 - (1 + 1). Suppose -n - 59 = -i*l, 3*l - 3*n - 37 = l. What are the prime factors of l?
2, 5
Suppose -2*s + 58 = x, 5*s = 2*x - 7*x + 300. What are the prime factors of x?
2, 31
Suppose -2*k + 5 = -k. Let r = 4 + k. List the prime factors of r.
3
Suppose 2*t + 14 = -z + 2, t - 4*z = 3. Let r = -1 - -8. Let b = t + r. What are the prime factors of b?
2
Suppose f + 9 = 5*q - 19, -5*q + 38 = 4*f. Let h(b) = b - 4. Let p be h(q). Suppose 32 = p*c + v, c + 2*v - v - 16 = 0. List the prime factors of c.
2
Suppose -1 = -u - 0. List the prime factors of 118/10 + u/5.
2, 3
Suppose -2*k = 2*u - 0*u + 2, 5*k - 2*u = 23. Let v be ((-8)/(-3) - k)*-42. Suppose -v*y + 9*y = -30. List the prime factors of y.
2, 3
Suppose -4*k - 54 = -7*k. What are the prime factors of k?
2, 3
Let f(y) = -y + 1. Let v be (-2)/2 - 1 - 2. What are the prime factors of f(v)?
5
Let h(b) = -b**2 - 2*b + 3. Let l(m) = 2*m**2 + 3*m - 4. Let f(d) = 4*h(d) + 3*l(d). Let j be f(-1). Suppose -p = -j - 3. What are the prime factors of p?
2
Suppose 4*m = m + 9. Suppose 2*x + 3*w = -4 - 11, -m*w - 15 = 3*x. Suppose 40 = -x*i + 4*i. What are the prime factors of i?
2, 5
Let f(h) = 5*h**3 + 26*h**2 - 33*h + 1. Let p(o) = 3*o**3 + 13*o**2 - 17*o + 1. Let x(u) = -4*f(u) + 7*p(u). What are the prime factors of x(12)?
3, 5
Suppose 0 = -5*a + 4*m + 48 + 62, 0 = 3*a + 5*m - 29. Suppose 2*g - a = -0*g. What are the prime factors of g?
3
What are the prime factors of 15/40 - 282/(-16)?
2, 3
Let q = -8 - -25. Suppose -3*f - 25 = l, -4*f - l - 16 = q. Let s = f - -13. What are the prime factors of s?
5
Let p = 34 + 2. List the prime factors of p.
2, 3
Let r be 2 - (0 + 1)*-1. Suppose -r = -2*g + 9. List the prime factors of ((-8)/g)/(-2)*15.
2, 5
Suppose -4 = -4*a + 24. Let t(j) = -j**3 + 7*j**2 + 5*j. Let k(v) = v. Let s(g) = 6*k(g) - t(g). List the prime factors of s(a).
7
Let b = -8 + 8. Suppose -j + 3 = b, -j + 114 = 5*v + 2*j. List the prime factors of v.
3, 7
Let d(p) = p + 11. Let o(l) = l**3 + 7*l**2 + l. Let x be o(-7). What are the prime factors of d(x)?
2
Suppose 2*j - 40 = -5*r, 0 = 4*r - 4*j - 3 - 1. Let x = 9 - r. What are the prime factors of 0 + -7*(2 - x)?
7
Let y = -2 + 5. Let p(n) be the third derivative of 5*n**4/24 + n**3/6 - n**2. List the prime factors of p(y).
2
Let w = -160 + 335. What are the prime factors of w?
5, 7
Let x(g) = -10*g - 3. Suppose